be -12 + 14 + (1 - -1). Let f = 8 - u. Suppose 21 = -5*z + 3*c, 0*c = 2*c - f. Determine h(z).
5
Suppose 1 = -0*r - r. Let v be (8/(-6))/(-1 + (-15)/(-27)). Let g(n) = -n**2 - 47*n**3 - n - 50*n**v + 89*n**3. What is g(r)?
8
Suppose 0 = 2*w + 2*o + 4, 2*o = -6 - 4. Let r(u) be the second derivative of 1/6*u**4 + 0 - 3*u + u**2 + 1/2*u**w. Calculate r(-3).
11
Let n(a) = 1 + 8645*a + a**2 - 3*a**2 - 8652*a + 3*a**2. Calculate n(6).
-5
Let m(j) = -j**3 - 4*j**2 + 8*j + 7. Let t be ((-112)/20 - 0)*(-10)/2. Suppose 0*u + 4*u + t = -4*p, 0 = -5*u - 4*p - 33. Determine m(u).
-8
Let y(k) = k**2 - 29 + 65 - 4*k - 44. Determine y(7).
13
Suppose 14*f = 11*f - 3. Let c(d) = 7*d + 1. Determine c(f).
-6
Let h(r) = -r**3 - 9*r**2 + 4. Let p = -766 - -757. Determine h(p).
4
Let n(f) = -75*f**2 + 3*f + 2 - 4*f + 148*f**2 - 68*f**2 - 3*f. Give n(2).
14
Suppose -7*z - 84 = 5*z. Let t(y) = y + 4. Give t(z).
-3
Let r = 363 - 378. Let s(u) = u**2 + 16*u + 4. Give s(r).
-11
Let l(g) = g**3 + g**2 - g + 20. Let n be 0 + -1 + 2 - (54 + -53). Calculate l(n).
20
Let x(m) be the first derivative of m**2 + 24 - 4/3*m**3 - 1/4*m**4 + 0*m. Give x(-5).
15
Let c(l) = -l - 9. Suppose 8*p = 11*p + 2*v + 13, 2*v - 17 = 3*p. Calculate c(p).
-4
Let m(l) = -2*l + 10. Let o be m(3). Suppose -5*s = -0*s, -5*r - 10 = o*s. Let t(c) = c**3 + 2*c**2 + 4*c + 3. What is t(r)?
-5
Let o(i) = 2*i - i - 15 - 5*i + 3*i. What is o(-8)?
-7
Suppose 18*t + 116 = 8. Let d(x) = -x**3 - 5*x**2 + 7*x + 8. Give d(t).
2
Let o(k) = -2*k**2 - 24*k - 42. Let f be o(-10). Let b(h) = -h**3 + h**2 + 2*h - 1. What is b(f)?
7
Let o(w) be the second derivative of -3*w**5/5 - 2*w**3/3 + 3*w. Let y(h) = h. Let u(r) = -o(r) - 3*y(r). Determine u(1).
13
Let s(a) be the first derivative of -a**4/4 + 3*a**3 - 3*a**2 + 12*a + 60. What is s(8)?
28
Let c = -71 + 80. Let u(f) = -6*f + 8*f + 0*f - f + c. Calculate u(-9).
0
Let h(j) be the third derivative of -j**6/120 + j**5/60 + j**4/24 + 5*j**3/6 - 2*j**2. Let k be 94/(-517) - 2/(-11). What is h(k)?
5
Let g(l) = -1. Let i(z) = 12*z - 8. Let t(c) = 4*g(c) - i(c). Determine t(1).
-8
Let p(w) = w**2 - 8*w + 4. Let b(u) = -17*u**2 + 6*u + u**3 + 11*u - 47 + 25 + 14. Let f be b(16). Determine p(f).
4
Let r(i) = i**2 + 2*i + 1. Suppose -4*c - 23 = -83. Suppose -c = 5*m + 5*z, -5*z + 17 = m - 0*z. Let h = -6 - m. Determine r(h).
9
Let w(y) = 14*y + 1. Let d(g) = -15*g - 1. Let n(x) = 2*d(x) + 3*w(x). Give n(1).
13
Let r(o) = -269*o - 264*o + 796*o - 260*o - 7. Suppose q - 15 = 4*u + 8, -2*q + 2*u = -22. Calculate r(q).
14
Let f(n) = -3*n**2 - 34*n + 2. Let z(s) = 2*s**2 + 23*s - 1. Let k(g) = 5*f(g) + 7*z(g). Give k(-9).
3
Let q(m) = m**2 + 8*m + 1. Let j = -53 + 46. What is q(j)?
-6
Let g(y) = y**2 + y - 2. Let s = 758 - 762. Calculate g(s).
10
Suppose -4*i - 4*y + 0 = 16, -5 = 5*y. Let l(v) = -24*v + 12*v + 9*v - v**2. Determine l(i).
0
Let x(l) = l**3 - 3*l**2 + 3*l. Let t be x(2). Let j(u) = 0 + 0 - 2 + 5 + t*u. Let n = 73 - 77. What is j(n)?
-5
Let d(g) be the third derivative of -g**5/120 + g**4/24 - g**3/6 + g**2. Let w(f) be the first derivative of d(f). Calculate w(2).
-1
Let v be -2*(-2)/((-4)/9). Let h(g) = 2*g**3 - 10*g**2 - 5 - 3*g**3 + g**2 + 8. Determine h(v).
3
Let n = -94 - -94. Let h(a) = -a**3 + a**2 + a - 27. Determine h(n).
-27
Suppose 19 = 2*c + 2*n + 7, -n - 2 = -3*c. Let x(f) = 3 + 6*f**3 - 2 + 3 - 3 - 2*f**c. Determine x(-1).
-7
Let r(k) = k**2 + 9*k - 8. Suppose 0 = -3*q - 169 + 139. Calculate r(q).
2
Let t(m) = 3*m + 4. Suppose 3*j - 32 + 11 = 0. Suppose 0 = -2*g + j*g + 15. What is t(g)?
-5
Let m(o) be the second derivative of -o**5/2 + o**3/3 - o**2/2 + o. Let g = 39 - 36. Suppose 0 = -2*h + 2*s, 0*h - g = -5*h + 2*s. Calculate m(h).
-9
Let r(l) = -29*l**3 + 2*l + 3. Let s be r(-1). Let j be (-85)/s + 1/(-6). Let f(v) = v**3 + 3*v**2 + 4. Give f(j).
4
Let b(s) = -s**3 + 11*s**2 + 11*s + 15. Let x be b(12). Suppose x*h + 0*h = 6. Let o(q) = -2*q**h + q**2 + 0*q**2 - 1 + 2*q. Determine o(1).
0
Let c(d) = -3*d**3 - 5*d**2 - 8*d + 9. Let n(z) = -7*z**3 - 9*z**2 - 18*z + 19. Let y(l) = 9*c(l) - 4*n(l). Determine y(9).
5
Let r(d) be the second derivative of 2*d + 4*d**2 + 2/3*d**3 + 0 + 1/20*d**5 - 7/12*d**4. What is r(6)?
-4
Suppose 24*u - 201 = -33. Let j(l) = -l**2 + 8*l - 4. Give j(u).
3
Let v be (2/(-1) - 1) + 7. Let i(d) = -d - 21. Let q(n) = -29. Let m(t) = 3*i(t) - 2*q(t). Give m(v).
-17
Let m(z) = -z**3 + 4*z**2 + 12*z - 2. Suppose 3*a = -8*u + 5*u + 27, u = -2*a + 12. What is m(u)?
-2
Let d(b) = b**3 - b**2 - 1. Let m = -52 - -57. Suppose 5*x = x + 5*c + 14, -5*x - m = 5*c. Determine d(x).
-1
Let d(a) = 1965*a**3 + 3*a - 8*a - 1966*a**3 + 7*a**2 + 5 - 2*a. What is d(6)?
-1
Let i = -5 - -5. Let o(k) = 3 + 6*k - 4 + i. Determine o(-1).
-7
Let n(m) be the first derivative of m**7/840 - m**6/90 + m**4/24 - 8*m**3/3 + 12. Let g(v) be the third derivative of n(v). Calculate g(3).
-8
Let t(q) be the first derivative of -4/3*q**3 - 1/4*q**4 - 3/2*q**2 + 25 - 2*q. Calculate t(-3).
-2
Let a be (1/(-3))/((-60)/2160). Let p(v) = -v + 8. Give p(a).
-4
Let i(d) = -11*d + 24. Let m(z) = -9*z + 23. Let v(c) = 2*i(c) - 3*m(c). Give v(6).
9
Let a = -21 + 59. Let s(o) = -2*o + 2*o - 2*o + 40 - a. What is s(2)?
-2
Let k(v) be the second derivative of -5*v**3/3 + v**2/2 + v. Suppose -10*l - 803 = -813. Calculate k(l).
-9
Let h(v) = 2*v - 1758 - 6*v**2 + 1760 + 4*v + v**3. Suppose -2*f = l + 2*l + 25, 3*l = f + 35. Let c be (-3)/2*f/6. Determine h(c).
7
Let k(s) be the first derivative of s**2/2 - 16*s - 886. Suppose -28 = -0*y - 4*y. What is k(y)?
-9
Let m = 16 - 4. Suppose -m = -t - 3*t. Let s(i) = -1 + 3*i**3 + 2*i**t + 2*i**3. What is s(-1)?
-8
Let r(d) = 4*d**3 - 11119*d**2 - 2*d**3 - 2*d + 1 + 11120*d**2. Give r(2).
17
Let z(s) = -s**2 - 3*s + 2. Suppose 0 = -62*n + 86*n + 120. Give z(n).
-8
Let k(b) = 6*b - 6 - b**2 + 5 - 3 + 9. Suppose -2*o + 8 + 2 = -3*y, 0 = 3*y. Give k(o).
10
Let b(j) = 7*j - 12. Let t(v) = 15*v - 24. Let s(g) = -13*b(g) + 6*t(g). Calculate s(17).
-5
Let l(c) = -7*c**2 + 11*c + 5. Let m(r) = -122 + 16*r + 130 - 7*r**2 - r**2 - 2*r**2. Let b(u) = -7*l(u) + 5*m(u). Determine b(4).
1
Let y(q) = -13*q - 759. Let h be y(-59). Let m(l) = l**2 - 6*l + 7. Determine m(h).
23
Let q = -1020 + 1017. Let h(g) = -2*g - 3. What is h(q)?
3
Let w(m) = 7*m - 4887*m**3 - 6*m**2 - 2 - 6 - 7 + 4888*m**3. What is w(5)?
-5
Let m(o) = -5*o**3 + 4*o + 3*o**3 + 3*o**2 + o**3 + 5. Let y be (-6)/(-9)*(-3)/(-1) + (-26)/(-13). Give m(y).
5
Let m(s) be the first derivative of 3*s**2/2 - 3*s - 533. Determine m(-4).
-15
Let c(w) = 18*w + 3. Suppose -m + 17 + 9 = 5*y, -5*y = 3*m - 28. Give c(m).
21
Let i(z) be the first derivative of z**2/2 - z + 283. Calculate i(1).
0
Let t(p) = -p + 9. Let i(m) = 5*m**2 + 8*m. Let l be i(-4). Let x = l + -41. Determine t(x).
2
Let y(a) = 8*a**3 + a**2 - a. Let v = 73 - 48. Suppose 33*r - 8 = v*r. Calculate y(r).
8
Let a(d) = 7 - 1524*d**3 + 1525*d**3 + 10*d**2 - 7*d - 5*d. What is a(-11)?
18
Let m(k) = -k**3 + 9*k**2 + 4*k - 8. Let c(a) = -a**3 + 9*a**2 + 5*a - 8. Let n(v) = -6*c(v) + 5*m(v). Give n(10).
8
Suppose 0 = -3*t + t - 12. Let s be (-56)/t + 1/(-3). Suppose -4*c = -s*c, -c = -5*q + 30. Let b(y) = -y**2 + 4*y + 8. Give b(q).
-4
Let a(j) = -2*j + 4*j - 5 + 1. Let g be a(4). Let c(k) = -k**3 + 5*k**2 - 2*k - 4. Determine c(g).
4
Suppose 0 = 4*z - 2*l - 18, l + 13 = 3*z + z. Let p(s) = -26*s + 2. Let k(d) = 12*d - 1. Let w(a) = 7*k(a) + 3*p(a). Determine w(z).
11
Let s(k) = 2*k**3 - 11*k**2 - 5*k - 8. Let y(a) = 5*a**3 - 23*a**2 - 10*a - 16. Let o(z) = 7*s(z) - 3*y(z). Give o(-7).
-22
Let l(m) = -m - 4. Let h = 176 - 169. What is l(h)?
-11
Let x(o) = -43*o - 1. Let f be x(-1). Suppose 0 = 3*t + 2*q + f, 4*q + 56 = -4*t + 6*q. Let m = -8 - t. Let h(j) = j - 6. What is h(m)?
0
Let y(t) = -t**3 - 7*t**2 + 9*t - 9. Let q(a) = -4*a**2 + 45*a - 58. Let h be q(10). Determine y(h).
-17
Let o(s) be the third derivative of s**4/12 - s**3/3 - s**2. Suppose 11*t - 26 = -59. Determine o(t).
-8
Let v(p) = -p - 4. Suppose 4*r = 0, 7*n + 45 = 2*n - 5*r. Let o be n/2 + 2 + 3/(-2). Determine v(o).
0
Suppose -9*f = -7*f - 14. Let r(h) = 11*h**3 + h**2 - 4*h - f - 12*h**3 + 5*h**2. Suppose 4*x + 3*m = 35, -2*x - m - 5 = -4*m. What is r(x)?
-2
Let 